{"id":2221,"date":"2024-12-27T11:47:36","date_gmt":"2024-12-27T08:47:36","guid":{"rendered":"https:\/\/kadirbas.com\/?post_type=product&#038;p=2221"},"modified":"2026-03-29T20:42:43","modified_gmt":"2026-03-29T17:42:43","slug":"2016-2019-a5-led-cubuk-seti-sol-l","status":"publish","type":"product","link":"https:\/\/kadirbas.com\/index.php\/urun\/2016-2019-a5-led-cubuk-seti-sol-l\/","title":{"rendered":"AUD\u0130 2016 2019 A5 LED \u00c7UBUK SET\u0130 SOL &#8211; L (FULL LED FAR \u0130\u00c7\u0130N)"},"content":{"rendered":"<p>2016 2019 A5 LED \u00c7UBUK SET\u0130 SOL &#8211; L<\/p>\n","protected":false},"excerpt":{"rendered":"<p>2016 2019 A5 LED \u00c7UBUK SET\u0130 SOL &#8211; L<\/p>\n","protected":false},"featured_media":2220,"comment_status":"open","ping_status":"closed","template":"","meta":[],"product_brand":[],"product_cat":[15],"product_tag":[],"class_list":{"0":"post-2221","1":"product","2":"type-product","3":"status-publish","4":"has-post-thumbnail","6":"product_cat-genel","8":"first","9":"instock","10":"sale","11":"shipping-taxable","12":"purchasable","13":"product-type-simple"},"_links":{"self":[{"href":"https:\/\/kadirbas.com\/index.php\/wp-json\/wp\/v2\/product\/2221","targetHints":{"allow":["GET"]}}],"collection":[{"href":"https:\/\/kadirbas.com\/index.php\/wp-json\/wp\/v2\/product"}],"about":[{"href":"https:\/\/kadirbas.com\/index.php\/wp-json\/wp\/v2\/types\/product"}],"replies":[{"embeddable":true,"href":"https:\/\/kadirbas.com\/index.php\/wp-json\/wp\/v2\/comments?post=2221"}],"wp:featuredmedia":[{"embeddable":true,"href":"https:\/\/kadirbas.com\/index.php\/wp-json\/wp\/v2\/media\/2220"}],"wp:attachment":[{"href":"https:\/\/kadirbas.com\/index.php\/wp-json\/wp\/v2\/media?parent=2221"}],"wp:term":[{"taxonomy":"product_brand","embeddable":true,"href":"https:\/\/kadirbas.com\/index.php\/wp-json\/wp\/v2\/product_brand?post=2221"},{"taxonomy":"product_cat","embeddable":true,"href":"https:\/\/kadirbas.com\/index.php\/wp-json\/wp\/v2\/product_cat?post=2221"},{"taxonomy":"product_tag","embeddable":true,"href":"https:\/\/kadirbas.com\/index.php\/wp-json\/wp\/v2\/product_tag?post=2221"}],"curies":[{"name":"wp","href":"https:\/\/api.w.org\/{rel}","templated":true}]}}