{"id":6818,"date":"2025-11-10T12:45:00","date_gmt":"2025-11-10T09:45:00","guid":{"rendered":"https:\/\/kadirbas.com\/?post_type=product&#038;p=6818"},"modified":"2026-03-29T20:45:34","modified_gmt":"2026-03-29T17:45:34","slug":"mimi-r56-far-cami-sag-l","status":"publish","type":"product","link":"https:\/\/kadirbas.com\/index.php\/urun\/mimi-r56-far-cami-sag-l\/","title":{"rendered":"M\u0130M\u0130 R56 FAR CAMI SA\u011e-L"},"content":{"rendered":"<p>M\u00c4\u00b0M\u00c4\u00b0 R56 FAR CAMI SA\u00c4\u009e-L<\/p>\n","protected":false},"excerpt":{"rendered":"<p>M\u00c4\u00b0M\u00c4\u00b0 R56 FAR CAMI SA\u00c4\u009e-L<\/p>\n","protected":false},"featured_media":6819,"comment_status":"open","ping_status":"closed","template":"","meta":[],"product_brand":[],"product_cat":[17],"product_tag":[],"class_list":{"0":"post-6818","1":"product","2":"type-product","3":"status-publish","4":"has-post-thumbnail","6":"product_cat-diger","8":"first","9":"instock","10":"sale","11":"shipping-taxable","12":"purchasable","13":"product-type-simple"},"_links":{"self":[{"href":"https:\/\/kadirbas.com\/index.php\/wp-json\/wp\/v2\/product\/6818","targetHints":{"allow":["GET"]}}],"collection":[{"href":"https:\/\/kadirbas.com\/index.php\/wp-json\/wp\/v2\/product"}],"about":[{"href":"https:\/\/kadirbas.com\/index.php\/wp-json\/wp\/v2\/types\/product"}],"replies":[{"embeddable":true,"href":"https:\/\/kadirbas.com\/index.php\/wp-json\/wp\/v2\/comments?post=6818"}],"wp:featuredmedia":[{"embeddable":true,"href":"https:\/\/kadirbas.com\/index.php\/wp-json\/wp\/v2\/media\/6819"}],"wp:attachment":[{"href":"https:\/\/kadirbas.com\/index.php\/wp-json\/wp\/v2\/media?parent=6818"}],"wp:term":[{"taxonomy":"product_brand","embeddable":true,"href":"https:\/\/kadirbas.com\/index.php\/wp-json\/wp\/v2\/product_brand?post=6818"},{"taxonomy":"product_cat","embeddable":true,"href":"https:\/\/kadirbas.com\/index.php\/wp-json\/wp\/v2\/product_cat?post=6818"},{"taxonomy":"product_tag","embeddable":true,"href":"https:\/\/kadirbas.com\/index.php\/wp-json\/wp\/v2\/product_tag?post=6818"}],"curies":[{"name":"wp","href":"https:\/\/api.w.org\/{rel}","templated":true}]}}