{"id":8409,"date":"2026-01-28T12:46:05","date_gmt":"2026-01-28T09:46:05","guid":{"rendered":"https:\/\/kadirbas.com\/?post_type=product&#038;p=8409"},"modified":"2026-03-29T20:47:28","modified_gmt":"2026-03-29T17:47:28","slug":"bmw-2015-2018-1-serisi-f20-lci-stop-cami-sag-r","status":"publish","type":"product","link":"https:\/\/kadirbas.com\/index.php\/urun\/bmw-2015-2018-1-serisi-f20-lci-stop-cami-sag-r\/","title":{"rendered":"BMW 2015 2018 1 SER\u0130S\u0130 F20 LC\u0130 STOP CAMI SA\u011e-R"},"content":{"rendered":"<p>BMW 2015 2018 1 SER\u00c4\u00b0S\u00c4\u00b0 F20 LC\u00c4\u00b0 STOP CAMI SA\u00c4\u009e-R<\/p>\n","protected":false},"excerpt":{"rendered":"<p>BMW 2015 2018 1 SER\u00c4\u00b0S\u00c4\u00b0 F20 LC\u00c4\u00b0 STOP CAMI SA\u00c4\u009e-R<\/p>\n","protected":false},"featured_media":8410,"comment_status":"open","ping_status":"closed","template":"","meta":[],"product_brand":[],"product_cat":[17],"product_tag":[],"class_list":{"0":"post-8409","1":"product","2":"type-product","3":"status-publish","4":"has-post-thumbnail","6":"product_cat-diger","8":"first","9":"instock","10":"sale","11":"shipping-taxable","12":"purchasable","13":"product-type-simple"},"_links":{"self":[{"href":"https:\/\/kadirbas.com\/index.php\/wp-json\/wp\/v2\/product\/8409","targetHints":{"allow":["GET"]}}],"collection":[{"href":"https:\/\/kadirbas.com\/index.php\/wp-json\/wp\/v2\/product"}],"about":[{"href":"https:\/\/kadirbas.com\/index.php\/wp-json\/wp\/v2\/types\/product"}],"replies":[{"embeddable":true,"href":"https:\/\/kadirbas.com\/index.php\/wp-json\/wp\/v2\/comments?post=8409"}],"wp:featuredmedia":[{"embeddable":true,"href":"https:\/\/kadirbas.com\/index.php\/wp-json\/wp\/v2\/media\/8410"}],"wp:attachment":[{"href":"https:\/\/kadirbas.com\/index.php\/wp-json\/wp\/v2\/media?parent=8409"}],"wp:term":[{"taxonomy":"product_brand","embeddable":true,"href":"https:\/\/kadirbas.com\/index.php\/wp-json\/wp\/v2\/product_brand?post=8409"},{"taxonomy":"product_cat","embeddable":true,"href":"https:\/\/kadirbas.com\/index.php\/wp-json\/wp\/v2\/product_cat?post=8409"},{"taxonomy":"product_tag","embeddable":true,"href":"https:\/\/kadirbas.com\/index.php\/wp-json\/wp\/v2\/product_tag?post=8409"}],"curies":[{"name":"wp","href":"https:\/\/api.w.org\/{rel}","templated":true}]}}